{"id":170,"date":"2026-03-29T16:25:44","date_gmt":"2026-03-29T16:25:44","guid":{"rendered":"https:\/\/rmc2.eu\/?page_id=170"},"modified":"2026-03-29T16:25:44","modified_gmt":"2026-03-29T16:25:44","slug":"supports-fmpa-2k26-isp-a-telecharger","status":"publish","type":"page","link":"https:\/\/rmc2.eu\/?page_id=170","title":{"rendered":"Supports FMPA 2K26 ISP \u00e0 t\u00e9l\u00e9charger"},"content":{"rendered":"","protected":true},"excerpt":{"rendered":"","protected":true},"author":1,"featured_media":0,"parent":12,"menu_order":0,"comment_status":"closed","ping_status":"closed","template":"","meta":{"footnotes":""},"class_list":["post-170","page","type-page","status-publish","post-password-required","hentry"],"_links":{"self":[{"href":"https:\/\/rmc2.eu\/index.php?rest_route=\/wp\/v2\/pages\/170","targetHints":{"allow":["GET"]}}],"collection":[{"href":"https:\/\/rmc2.eu\/index.php?rest_route=\/wp\/v2\/pages"}],"about":[{"href":"https:\/\/rmc2.eu\/index.php?rest_route=\/wp\/v2\/types\/page"}],"author":[{"embeddable":true,"href":"https:\/\/rmc2.eu\/index.php?rest_route=\/wp\/v2\/users\/1"}],"replies":[{"embeddable":true,"href":"https:\/\/rmc2.eu\/index.php?rest_route=%2Fwp%2Fv2%2Fcomments&post=170"}],"version-history":[{"count":1,"href":"https:\/\/rmc2.eu\/index.php?rest_route=\/wp\/v2\/pages\/170\/revisions"}],"predecessor-version":[{"id":174,"href":"https:\/\/rmc2.eu\/index.php?rest_route=\/wp\/v2\/pages\/170\/revisions\/174"}],"up":[{"embeddable":true,"href":"https:\/\/rmc2.eu\/index.php?rest_route=\/wp\/v2\/pages\/12"}],"wp:attachment":[{"href":"https:\/\/rmc2.eu\/index.php?rest_route=%2Fwp%2Fv2%2Fmedia&parent=170"}],"curies":[{"name":"wp","href":"https:\/\/api.w.org\/{rel}","templated":true}]}}